{"id":2015,"date":"2025-12-15T00:24:30","date_gmt":"2025-12-14T23:24:30","guid":{"rendered":"https:\/\/tc-hofbieber.de\/?page_id=2015"},"modified":"2026-03-28T13:39:45","modified_gmt":"2026-03-28T12:39:45","slug":"tennis-club-1990-hofbieber","status":"publish","type":"page","link":"https:\/\/tc-hofbieber.de\/","title":{"rendered":"TC 1990 Hofbieber"},"content":{"rendered":"\n<figure class=\"wp-block-image alignfull size-large\"><a href=\"https:\/\/tc-hofbieber.de\/wp-content\/uploads\/2025\/12\/tennisplatz_hofbieber_002.png\"><img loading=\"lazy\" decoding=\"async\" width=\"1024\" height=\"683\" src=\"https:\/\/tc-hofbieber.de\/wp-content\/uploads\/2025\/12\/tennisplatz_hofbieber_002-1024x683.png\" alt=\"\" class=\"wp-image-2019\" srcset=\"https:\/\/tc-hofbieber.de\/wp-content\/uploads\/2025\/12\/tennisplatz_hofbieber_002-1024x683.png 1024w, https:\/\/tc-hofbieber.de\/wp-content\/uploads\/2025\/12\/tennisplatz_hofbieber_002-300x200.png 300w, https:\/\/tc-hofbieber.de\/wp-content\/uploads\/2025\/12\/tennisplatz_hofbieber_002.png 1536w\" sizes=\"auto, (max-width: 1024px) 100vw, 1024px\" \/><\/a><\/figure>\n\n\n\n<h2 class=\"wp-block-heading\">Tennis mit Freude &#8211; f\u00fcr alle Spielst\u00e4rken<\/h2>\n\n\n\n<p>Beim TC Hofbieber steht nicht nur das leistungsorientierte Training und Wettkampf-Tennis im Mittelpunkt \u2013 auch der Spa\u00df am Spiel kommt bei uns nicht zu kurz. J\u00e4hrlich veranstalten wir Schleifchenturniere, die sich ausdr\u00fccklich an alle richten \u2013 ob ambitionierte Spielerinnen und Spieler oder reine Hobby-Tennisfreunde. Die Teilnahme steht jedem offen und ist ausdr\u00fccklich erw\u00fcnscht!<\/p>\n\n\n\n<p>Auch unsere Kinder und Jugendlichen d\u00fcrfen sich regelm\u00e4\u00dfig auf eigene Schleifchenturniere freuen. Dabei steht der gemeinsame Spa\u00df im Vordergrund \u2013 unabh\u00e4ngig von Spielst\u00e4rke oder Erfahrung sind alle mit Begeisterung dabei.<\/p>\n\n\n\n<p>Die jeweiligen Termine werden rechtzeitig im Blickpunkt Hofbieber bekanntgegeben.<\/p>\n\n\n\n<p><\/p>\n","protected":false},"excerpt":{"rendered":"<p>Tennis mit Freude &#8211; f\u00fcr alle Spielst\u00e4rken Beim TC Hofbieber steht nicht nur das leistungsorientierte Training und Wettkampf-Tennis im Mittelpunkt \u2013 auch der Spa\u00df am Spiel kommt bei uns nicht zu kurz. J\u00e4hrlich veranstalten wir Schleifchenturniere, die sich ausdr\u00fccklich an alle richten \u2013 ob ambitionierte Spielerinnen und Spieler oder reine Hobby-Tennisfreunde. Die Teilnahme steht jedem &hellip; <\/p>\n<p class=\"link-more\"><a href=\"https:\/\/tc-hofbieber.de\/\" class=\"more-link\">Mehr <span class=\"screen-reader-text\">\u00fcber &#8222;TC 1990 Hofbieber&#8220; <\/span>Lesen<\/a><\/p>\n","protected":false},"author":1,"featured_media":0,"parent":0,"menu_order":0,"comment_status":"closed","ping_status":"closed","template":"","meta":{"ngg_post_thumbnail":0,"inspiro_hide_title":false,"footnotes":""},"class_list":["post-2015","page","type-page","status-publish","hentry"],"yoast_head":"<!-- This site is optimized with the Yoast SEO plugin v27.4 - https:\/\/yoast.com\/product\/yoast-seo-wordpress\/ -->\r\n<title>TC 1990 Hofbieber - tc-hofbieber.de<\/title>\r\n<meta name=\"description\" content=\"Der TC 1990 Hofbieber bietet neben leistungsorientiertem Tennis vor allem jede Menge Spielspa\u00df f\u00fcr alle Alters- und Leistungsgruppen\" \/>\r\n<meta name=\"robots\" content=\"index, follow, max-snippet:-1, max-image-preview:large, max-video-preview:-1\" \/>\r\n<link rel=\"canonical\" href=\"https:\/\/tc-hofbieber.de\/\" \/>\r\n<meta property=\"og:locale\" content=\"de_DE\" \/>\r\n<meta property=\"og:type\" content=\"article\" \/>\r\n<meta property=\"og:title\" content=\"TC 1990 Hofbieber - tc-hofbieber.de\" \/>\r\n<meta property=\"og:description\" content=\"Der TC 1990 Hofbieber bietet neben leistungsorientiertem Tennis vor allem jede Menge Spielspa\u00df f\u00fcr alle Alters- und Leistungsgruppen\" \/>\r\n<meta property=\"og:url\" content=\"https:\/\/tc-hofbieber.de\/\" \/>\r\n<meta property=\"og:site_name\" content=\"tc-hofbieber.de\" \/>\r\n<meta property=\"article:modified_time\" content=\"2026-03-28T12:39:45+00:00\" \/>\r\n<meta property=\"og:image\" content=\"https:\/\/tc-hofbieber.de\/wp-content\/uploads\/2025\/12\/tennisplatz_hofbieber_002-1024x683.png\" \/>\r\n\t<meta property=\"og:image:width\" content=\"1024\" \/>\r\n\t<meta property=\"og:image:height\" content=\"683\" \/>\r\n\t<meta property=\"og:image:type\" content=\"image\/png\" \/>\r\n<meta name=\"twitter:card\" content=\"summary_large_image\" \/>\r\n<meta name=\"twitter:label1\" content=\"Gesch\u00e4tzte Lesezeit\" \/>\n\t<meta name=\"twitter:data1\" content=\"1\u00a0Minute\" \/>\r\n<script type=\"application\/ld+json\" class=\"yoast-schema-graph\">{\"@context\":\"https:\\\/\\\/schema.org\",\"@graph\":[{\"@type\":\"WebPage\",\"@id\":\"https:\\\/\\\/tc-hofbieber.de\\\/\",\"url\":\"https:\\\/\\\/tc-hofbieber.de\\\/\",\"name\":\"TC 1990 Hofbieber - tc-hofbieber.de\",\"isPartOf\":{\"@id\":\"https:\\\/\\\/tc-hofbieber.de\\\/#website\"},\"primaryImageOfPage\":{\"@id\":\"https:\\\/\\\/tc-hofbieber.de\\\/#primaryimage\"},\"image\":{\"@id\":\"https:\\\/\\\/tc-hofbieber.de\\\/#primaryimage\"},\"thumbnailUrl\":\"https:\\\/\\\/tc-hofbieber.de\\\/wp-content\\\/uploads\\\/2025\\\/12\\\/tennisplatz_hofbieber_002-1024x683.png\",\"datePublished\":\"2025-12-14T23:24:30+00:00\",\"dateModified\":\"2026-03-28T12:39:45+00:00\",\"description\":\"Der TC 1990 Hofbieber bietet neben leistungsorientiertem Tennis vor allem jede Menge Spielspa\u00df f\u00fcr alle Alters- und Leistungsgruppen\",\"breadcrumb\":{\"@id\":\"https:\\\/\\\/tc-hofbieber.de\\\/#breadcrumb\"},\"inLanguage\":\"de\",\"potentialAction\":[{\"@type\":\"ReadAction\",\"target\":[\"https:\\\/\\\/tc-hofbieber.de\\\/\"]}]},{\"@type\":\"ImageObject\",\"inLanguage\":\"de\",\"@id\":\"https:\\\/\\\/tc-hofbieber.de\\\/#primaryimage\",\"url\":\"https:\\\/\\\/tc-hofbieber.de\\\/wp-content\\\/uploads\\\/2025\\\/12\\\/tennisplatz_hofbieber_002.png\",\"contentUrl\":\"https:\\\/\\\/tc-hofbieber.de\\\/wp-content\\\/uploads\\\/2025\\\/12\\\/tennisplatz_hofbieber_002.png\",\"width\":1536,\"height\":1024},{\"@type\":\"BreadcrumbList\",\"@id\":\"https:\\\/\\\/tc-hofbieber.de\\\/#breadcrumb\",\"itemListElement\":[{\"@type\":\"ListItem\",\"position\":1,\"name\":\"Startseite\",\"item\":\"https:\\\/\\\/tc-hofbieber.de\\\/\"},{\"@type\":\"ListItem\",\"position\":2,\"name\":\"TC 1990 Hofbieber\"}]},{\"@type\":\"WebSite\",\"@id\":\"https:\\\/\\\/tc-hofbieber.de\\\/#website\",\"url\":\"https:\\\/\\\/tc-hofbieber.de\\\/\",\"name\":\"tc-hofbieber.de\",\"description\":\"TC Hofbieber\",\"publisher\":{\"@id\":\"https:\\\/\\\/tc-hofbieber.de\\\/#organization\"},\"potentialAction\":[{\"@type\":\"SearchAction\",\"target\":{\"@type\":\"EntryPoint\",\"urlTemplate\":\"https:\\\/\\\/tc-hofbieber.de\\\/?s={search_term_string}\"},\"query-input\":{\"@type\":\"PropertyValueSpecification\",\"valueRequired\":true,\"valueName\":\"search_term_string\"}}],\"inLanguage\":\"de\"},{\"@type\":\"Organization\",\"@id\":\"https:\\\/\\\/tc-hofbieber.de\\\/#organization\",\"name\":\"tc-hofbieber.de\",\"url\":\"https:\\\/\\\/tc-hofbieber.de\\\/\",\"logo\":{\"@type\":\"ImageObject\",\"inLanguage\":\"de\",\"@id\":\"https:\\\/\\\/tc-hofbieber.de\\\/#\\\/schema\\\/logo\\\/image\\\/\",\"url\":\"https:\\\/\\\/tc-hofbieber.de\\\/wp-content\\\/uploads\\\/2025\\\/09\\\/cropped-Vereinswappen.png\",\"contentUrl\":\"https:\\\/\\\/tc-hofbieber.de\\\/wp-content\\\/uploads\\\/2025\\\/09\\\/cropped-Vereinswappen.png\",\"width\":714,\"height\":714,\"caption\":\"tc-hofbieber.de\"},\"image\":{\"@id\":\"https:\\\/\\\/tc-hofbieber.de\\\/#\\\/schema\\\/logo\\\/image\\\/\"}}]}<\/script>\r\n<!-- \/ Yoast SEO plugin. -->","yoast_head_json":{"title":"TC 1990 Hofbieber - tc-hofbieber.de","description":"Der TC 1990 Hofbieber bietet neben leistungsorientiertem Tennis vor allem jede Menge Spielspa\u00df f\u00fcr alle Alters- und Leistungsgruppen","robots":{"index":"index","follow":"follow","max-snippet":"max-snippet:-1","max-image-preview":"max-image-preview:large","max-video-preview":"max-video-preview:-1"},"canonical":"https:\/\/tc-hofbieber.de\/","og_locale":"de_DE","og_type":"article","og_title":"TC 1990 Hofbieber - tc-hofbieber.de","og_description":"Der TC 1990 Hofbieber bietet neben leistungsorientiertem Tennis vor allem jede Menge Spielspa\u00df f\u00fcr alle Alters- und Leistungsgruppen","og_url":"https:\/\/tc-hofbieber.de\/","og_site_name":"tc-hofbieber.de","article_modified_time":"2026-03-28T12:39:45+00:00","og_image":[{"width":1024,"height":683,"url":"https:\/\/tc-hofbieber.de\/wp-content\/uploads\/2025\/12\/tennisplatz_hofbieber_002-1024x683.png","type":"image\/png"}],"twitter_card":"summary_large_image","twitter_misc":{"Gesch\u00e4tzte Lesezeit":"1\u00a0Minute"},"schema":{"@context":"https:\/\/schema.org","@graph":[{"@type":"WebPage","@id":"https:\/\/tc-hofbieber.de\/","url":"https:\/\/tc-hofbieber.de\/","name":"TC 1990 Hofbieber - tc-hofbieber.de","isPartOf":{"@id":"https:\/\/tc-hofbieber.de\/#website"},"primaryImageOfPage":{"@id":"https:\/\/tc-hofbieber.de\/#primaryimage"},"image":{"@id":"https:\/\/tc-hofbieber.de\/#primaryimage"},"thumbnailUrl":"https:\/\/tc-hofbieber.de\/wp-content\/uploads\/2025\/12\/tennisplatz_hofbieber_002-1024x683.png","datePublished":"2025-12-14T23:24:30+00:00","dateModified":"2026-03-28T12:39:45+00:00","description":"Der TC 1990 Hofbieber bietet neben leistungsorientiertem Tennis vor allem jede Menge Spielspa\u00df f\u00fcr alle Alters- und Leistungsgruppen","breadcrumb":{"@id":"https:\/\/tc-hofbieber.de\/#breadcrumb"},"inLanguage":"de","potentialAction":[{"@type":"ReadAction","target":["https:\/\/tc-hofbieber.de\/"]}]},{"@type":"ImageObject","inLanguage":"de","@id":"https:\/\/tc-hofbieber.de\/#primaryimage","url":"https:\/\/tc-hofbieber.de\/wp-content\/uploads\/2025\/12\/tennisplatz_hofbieber_002.png","contentUrl":"https:\/\/tc-hofbieber.de\/wp-content\/uploads\/2025\/12\/tennisplatz_hofbieber_002.png","width":1536,"height":1024},{"@type":"BreadcrumbList","@id":"https:\/\/tc-hofbieber.de\/#breadcrumb","itemListElement":[{"@type":"ListItem","position":1,"name":"Startseite","item":"https:\/\/tc-hofbieber.de\/"},{"@type":"ListItem","position":2,"name":"TC 1990 Hofbieber"}]},{"@type":"WebSite","@id":"https:\/\/tc-hofbieber.de\/#website","url":"https:\/\/tc-hofbieber.de\/","name":"tc-hofbieber.de","description":"TC Hofbieber","publisher":{"@id":"https:\/\/tc-hofbieber.de\/#organization"},"potentialAction":[{"@type":"SearchAction","target":{"@type":"EntryPoint","urlTemplate":"https:\/\/tc-hofbieber.de\/?s={search_term_string}"},"query-input":{"@type":"PropertyValueSpecification","valueRequired":true,"valueName":"search_term_string"}}],"inLanguage":"de"},{"@type":"Organization","@id":"https:\/\/tc-hofbieber.de\/#organization","name":"tc-hofbieber.de","url":"https:\/\/tc-hofbieber.de\/","logo":{"@type":"ImageObject","inLanguage":"de","@id":"https:\/\/tc-hofbieber.de\/#\/schema\/logo\/image\/","url":"https:\/\/tc-hofbieber.de\/wp-content\/uploads\/2025\/09\/cropped-Vereinswappen.png","contentUrl":"https:\/\/tc-hofbieber.de\/wp-content\/uploads\/2025\/09\/cropped-Vereinswappen.png","width":714,"height":714,"caption":"tc-hofbieber.de"},"image":{"@id":"https:\/\/tc-hofbieber.de\/#\/schema\/logo\/image\/"}}]}},"_links":{"self":[{"href":"https:\/\/tc-hofbieber.de\/index.php\/wp-json\/wp\/v2\/pages\/2015","targetHints":{"allow":["GET"]}}],"collection":[{"href":"https:\/\/tc-hofbieber.de\/index.php\/wp-json\/wp\/v2\/pages"}],"about":[{"href":"https:\/\/tc-hofbieber.de\/index.php\/wp-json\/wp\/v2\/types\/page"}],"author":[{"embeddable":true,"href":"https:\/\/tc-hofbieber.de\/index.php\/wp-json\/wp\/v2\/users\/1"}],"replies":[{"embeddable":true,"href":"https:\/\/tc-hofbieber.de\/index.php\/wp-json\/wp\/v2\/comments?post=2015"}],"version-history":[{"count":0,"href":"https:\/\/tc-hofbieber.de\/index.php\/wp-json\/wp\/v2\/pages\/2015\/revisions"}],"wp:attachment":[{"href":"https:\/\/tc-hofbieber.de\/index.php\/wp-json\/wp\/v2\/media?parent=2015"}],"curies":[{"name":"wp","href":"https:\/\/api.w.org\/{rel}","templated":true}]}}